185. Let j(m) = 13*m**2 - 1. Determine j(t).
12
Let n(s) be the third derivative of 1/24*s**4 + 1/2*s**3 + 0 - 5*s**2 + 0*s. What is n(-3)?
0
Let f(b) = 0*b - 170 + 88 + 69 + 2*b. Calculate f(17).
21
Suppose -21*q - 143 = -8*q. Let z(o) = o**3 + 12*o**2 + 12*o + 9. Calculate z(q).
-2
Let n(h) = -h**2 - h + 4. Let m(y) = -y**2 - 17*y - 10. Let o be m(-16). Let k = o - -15. Suppose 6 = -5*b + k. Determine n(b).
-8
Let s(y) = -y**2 - 4*y - 5. Let c(h) = h**2 + 6*h + 7. Let g(w) = -5*c(w) - 7*s(w). Let d = -75 + 77. Calculate g(d).
4
Let m(j) be the first derivative of j**3/3 + 6*j**2 + 11*j + 357. Determine m(-9).
-16
Let y(m) = m**2 + 4*m - 3. Let d(o) = o**2 + 5*o - 3. Let g(w) = -4*d(w) + 5*y(w). Suppose -6*j + 5*x = -j + 10, -8 = -4*j - 4*x. Determine g(j).
-3
Let x(r) = r**2 + 24*r + 89. Let g be x(-19). Let d(i) = -i**3 - 7*i**2 + 3*i + 1. Give d(g).
-53
Let b(k) = 5 - 5 - k**2 - 1 + 5*k. Let y(x) = x**2 + 21*x - 10. Let o be y(-20). Let l be (o/10)/(1/(-2)). What is b(l)?
-7
Let b be 2/3 + 116/6. Suppose -q = 3*q - b. Suppose -n + 7 = -4*i, 3*n - 4*n - q*i - 20 = 0. Let r(k) = k**3 + 5*k**2 + k + 2. What is r(n)?
-3
Let f(o) be the first derivative of o**4/4 + o**3/3 + o**2/2 + 15*o - 1. Let n be (-91)/(-26)*(-4 - 0). Let q = 14 + n. What is f(q)?
15
Let q(b) = -6*b. Suppose 59*x - 61*x = -20. Suppose 11*m - x*m = -1. Calculate q(m).
6
Let c(o) = 1086*o - 5 - 545*o - 542*o. Calculate c(-9).
4
Let u(b) = -b**3 - 6*b**2 + 8*b + 9. Let f = 1 - 1. Let o = 469 - 466. Let d be -6 - (-2 + o + f). Give u(d).
2
Suppose 2*n + 2 = 4*n. Let s = 5 - n. Let y(f) = -s*f + 12 + 4*f + f - 3. Determine y(0).
9
Let x be (-1168)/(-176) - (-4 + 80/22). Let j(m) = 8*m - m - 1 + 0 - m**2. Determine j(x).
-1
Let m(x) be the second derivative of 4*x**4/3 - 198*x. Determine m(1).
16
Let v(w) = 2 + 5*w**3 - 3*w - 3 + 3*w + w - w**2. Suppose -c = -3*j - 2*j + 7, 2*j - 3*c = 8. Let q be v(j). Let t(x) = -3*x + 5. Calculate t(q).
-7
Let g(w) = -w**2 - 6*w + 5. Let c be 352/(-36) + 2/(-9). Let m = c - 0. Let b be (-1)/((-1)/m*2). Calculate g(b).
10
Let w(p) be the third derivative of p**4/8 - p**3/2 + 13*p**2. Let c(d) = 6 + 6 + 1 - 11*d. Let i(l) = -2*c(l) - 9*w(l). Calculate i(1).
-4
Let h(s) = s**3 - 2*s**2 - 2*s - 2. Let r be h(3). Let y(n) = 2 - 2 - r - n + 0*n. Let v(c) = -c**2 + 6*c. Let a be v(5). What is y(a)?
-6
Suppose 47 = 5*l + 3*n + 61, 2*l + 4*n = 0. Let t(y) = -2*y**2 - 8*y - 8. Calculate t(l).
-8
Suppose 8*h = 42 - 58. Let l(m) be the third derivative of 1/4*m**4 + 1/2*m**3 + 0*m + 0 - 2*m**2. Give l(h).
-9
Let c(x) = -130*x + 10. Let n(p) = -65*p + 4. Let t(k) = 2*c(k) - 5*n(k). What is t(-1)?
-65
Let l(x) be the second derivative of -x**3/6 + x**2/2 + 27*x. Suppose -41 + 17 = -4*r. Let q = r - 10. What is l(q)?
5
Let i(g) be the first derivative of 5*g**2 - g - 4. Let y(c) = c**2 - 4*c - 7. Let a be y(6). Suppose 13 + 12 = a*f, 0 = z - 3*f + 14. Calculate i(z).
9
Let q(w) = -9*w - 1. Suppose 7*h + 52 = 31. Calculate q(h).
26
Let s(f) = -f**2 - 4*f + 5. Let u be s(-6). Suppose 21 = 3*j - 6. Let w(m) = j*m + 4 + 5*m - 2 - 13*m. Calculate w(u).
-5
Let b(g) = 109*g + 1 - 6*g**2 - 2 + 110*g - 219*g. What is b(1)?
-7
Suppose 3967 - 3946 = 7*w. Let a(m) = 4 + 3 + 0*m + 3*m. Let f(l) = 1. Let z(x) = -a(x) + 3*f(x). Calculate z(w).
-13
Let i = 345 + -349. Let f(u) be the second derivative of -u**3/3 - 3*u**2 + u. Give f(i).
2
Let b(c) = 3*c**3 - 2*c**2 + 2*c + 10. Let i(d) = 2*d**3 - d**2 + d + 5. Let r(o) = 3*b(o) - 5*i(o). Let a = 6 - 4. Let k be (0/(a - 3))/(-1). What is r(k)?
5
Let z(t) = 6*t + 1. Let v(f) = 5 - f - 3 - 2. Let d(o) = -v(o) + z(o). Give d(-1).
-6
Let o(f) be the first derivative of -f**4/12 - 5*f**3/3 + 3*f**2/2 - 42*f - 12. Let r(u) be the first derivative of o(u). Give r(-7).
24
Let c be 4 + 8 - 4/2. Let q = c - 14. Let d(i) = i**3 + 5*i**2 + 2*i - 1. Calculate d(q).
7
Let i(j) = -3. Let a(t) = t + 5. Let v(b) = -2*a(b) - 5*i(b). Let l(x) = -3*x + 7. Let y(m) = 5*l(m) - 7*v(m). Determine y(5).
-5
Let c(z) = 6*z**2 - 5*z - 43. Let a(m) = -4*m**2 + 4*m + 41. Let q(l) = 4*a(l) + 3*c(l). What is q(0)?
35
Let l(f) be the second derivative of 7*f + 0 - 5/12*f**4 + 2*f**2 - 1/6*f**3 - 1/10*f**5. What is l(-3)?
16
Suppose 0 = 6*q - 3 + 39. Let p(z) = z**3 + 7*z**2 + 6*z + 3. What is p(q)?
3
Suppose 901*u = 907*u + 48. Let r(x) = x**2 + 12*x + 23. What is r(u)?
-9
Let f(r) = 2*r + 2. Let u(b) = -b + 1. Let y(x) = f(x) + 3*u(x). Let o(h) be the first derivative of h**2/2 + 11*h - 11. Let j be o(-7). Calculate y(j).
1
Let z = 16 - 35. Let a = 13 + z. Let o(d) = -d**2 - 4*d + 7. Calculate o(a).
-5
Let n(h) = h**2 - 8*h + 6. Let o = 12 + -10. Let w(z) = 6*z - 6. Let y be w(o). Calculate n(y).
-6
Let r = 441 - 447. Let z(h) = h**2 + 10*h + 8. What is z(r)?
-16
Let h(j) = 0*j + 3 - 2*j - 3 - 9 + j**2. Let q be h(5). Let c(m) = m**3 - 6*m**2 + 8. What is c(q)?
8
Let h(d) = -8*d + 2. Let o be h(-7). Let p = -53 + o. Let q(u) = 2*u + 3. Calculate q(p).
13
Suppose -b + 2*s = 2, -2*b + s = b - 9. Let k(r) be the second derivative of -1/2*r**2 + 16*r + 1/6*r**3 + 0. Give k(b).
3
Suppose -14 = 7*z - 6*z + 3*u, -5*z - 3*u = 22. Let v(m) be the first derivative of m**4/4 - 2*m**3/3 - 3*m**2/2 - 2*m - 2. Calculate v(z).
-12
Let r(o) = -9*o**2 - o - 2. Let s(d) = 2*d**2 - 9*d + 3. Let z(p) = 3*p**2 - 11*p + 4. Let f(h) = -5*s(h) + 4*z(h). Let g(u) = 2*f(u) + r(u). Give g(1).
-4
Let r be (-1445)/1156 + (-2)/(16/6). Let w(u) = -3 + u + 4 - 3. Calculate w(r).
-4
Let l be 6 + -12 + (3 - 12). Let b(d) = 4*d + 10. Give b(l).
-50
Let y be 65/(-15) - 8/12. Let i be (-15)/5 + (-2 - y). Let o(c) = c**2 + c + 5. What is o(i)?
5
Let c(q) = q**2 - 9*q + 2. Let y be c(9). Let f(b) = -11*b + 2 - y*b + 14*b. Give f(-6).
-4
Suppose 0 = -5*y + 9 - 4. Suppose 19 - y = q. Let g = -22 + q. Let r(m) = -m - 5. Calculate r(g).
-1
Let h(t) = 38*t + 0 + 7 - 1 - 41*t. What is h(5)?
-9
Let m(p) = 4*p**3 + 7*p**2 - 4*p + 7. Let b(d) = 7*d**3 + 13*d**2 - 8*d + 13. Let n(y) = 2*y + 3. Let v be n(1). Let z(w) = v*m(w) - 3*b(w). What is z(-5)?
1
Let y(i) be the third derivative of -1/30*i**6 + 1/6*i**3 + 1/30*i**5 + 0 + 11*i**2 + 1/12*i**4 + 0*i. Give y(-1).
5
Let c(a) = -5*a. Let y(s) = 3*s. Let p(t) = 4*c(t) + 7*y(t). Determine p(1).
1
Let l(b) = -b**3 - 4*b**2 - b + 6. Let o be l(-4). Let d(m) = m**3 - 9*m**2 - 12*m + 14. What is d(o)?
-6
Suppose -2*r + 16 = m, -2*r - 6*m + 2*m = -28. Suppose r*y - 11*y - 25 = 0. Let t(u) = -u**3 - 7*u**2 - 6*u + 6. Give t(y).
-14
Let f(m) = m + 15. Let l(i) = i + 7. Let g(n) = 2*f(n) - 5*l(n). Let w be (-8 - 1)*4/6. Determine g(w).
13
Let v be 25/2*(-12)/(-15). Suppose 4*w = 6*w - v. Suppose d = 2*d - w. Let q(n) = -n**3 + 4*n**2 + 5*n - 3. Determine q(d).
-3
Let m(b) = -14*b**2 - 8*b**3 + 13*b + 20*b**3 + 8 - 11*b**3. Give m(13).
8
Let m(b) = -2*b - 9. Let d(s) = s + 2. Let q(n) = -5*d(n) - m(n). What is q(2)?
-7
Suppose -1 = -2*y + 9. Let h(f) = f - 41*f**2 + 81*f**2 - 35*f**2 - f**3 - 4. Calculate h(y).
1
Let y(x) be the third derivative of x**5/30 - 7*x**4/24 - 19*x**3/6 + 140*x**2. Determine y(-2).
3
Let l be 5 + 2*(-2 - -1). Suppose l*h = h. Let d(z) = 2*z**2 + 9*z - 2. Let i(m) = 3*m**2 + 15*m - 3. Let a(c) = 5*d(c) - 3*i(c). Calculate a(h).
-1
Let h(g) = 10*g - 38. Let q(b) = 5*b - 18. Let w(t) = -2*h(t) + 5*q(t). Calculate w(7).
21
Let w(b) = -3*b + 19. Let n(u) = u - 9. Let r(j) = 5*n(j) + 2*w(j). Let i be (-25)/7 + (-15)/35. Determine r(i).
-3
Let j(z) = z**2 - 6*z - 5. Suppose 2*a - 2 = 3*y - y, 0 = -2*y - 4*a + 10. Suppose 7*f - 27 - y = 0. What is j(f)?
-13
Let f = -119 - -116. Let r(c) be the second derivative of c**4/12 - 2*c**3/3 - c**2/2 + 10*c. What is r(f)?
20
Let l(d) = 14*d + 121. Let p be l(-9). Let t(u) = 3*u + 15. Determine t(p).
0
Let i(u) be the third derivative of -u**6/120 - u**5/10 + u**4/3 + 4*u**3/3 - u**2. Let b = 199 + -179. Suppose -64 = 12*k + b. Calculate i(k).
1
Let i(z) = -z + 8. Suppose 2*o - 7 = 5. Let p be i(o). Suppose 0 = -4*s - 3*y - y + 24, 5*y = p*s + 2. Let v(b) = -b**3 + 3*b**2 + 3*b + 3. Determine v(s).
-1
Let g(t) = 3*t + 5. Let j(l) = 40*l + 70. Let a(z) = -55*g(z) + 4*j(z). Give a(4).
-15
Let f(a) = a**2 + 5*a - 8. Suppose 2*u = -2*p + 18, -4*p + 2*p - 4*u + 28 = 0. Suppose -h = 4*i + 19, i - 4*i + p*h